390?
2
Calculate the highest common factor of 48 and 145592416.
16
What is the greatest common divisor of 6231 and 248236809?
6231
What is the greatest common divisor of 69771920 and 680?
40
Calculate the greatest common divisor of 4709705 and 2080.
65
Calculate the highest common divisor of 30 and 2219586.
6
Calculate the highest common divisor of 1437 and 221811009.
1437
Calculate the highest common divisor of 2479 and 167582879.
2479
What is the highest common divisor of 173 and 55215199?
173
What is the highest common divisor of 440 and 241335050?
110
What is the greatest common factor of 2180706 and 18981?
2109
What is the greatest common divisor of 2463495 and 6180?
15
What is the highest common factor of 1245056 and 2840?
568
Calculate the highest common factor of 234 and 21285846.
18
Calculate the greatest common factor of 2112 and 243504.
48
What is the greatest common factor of 66431 and 1?
1
What is the highest common factor of 111051 and 665985186?
12339
What is the greatest common factor of 24473169 and 83916?
2331
What is the highest common factor of 289026 and 148122?
18
What is the greatest common factor of 1676 and 23422100?
1676
What is the greatest common divisor of 336436 and 2468?
4
Calculate the greatest common factor of 561 and 19135353.
51
What is the highest common divisor of 93805 and 6426285?
1285
Calculate the highest common divisor of 397166 and 308.
154
Calculate the highest common divisor of 99981149 and 86.
43
Calculate the highest common divisor of 967759 and 1768.
221
What is the greatest common divisor of 18 and 105008337?
9
What is the greatest common factor of 178271 and 423?
47
Calculate the highest common factor of 64 and 179732.
4
Calculate the highest common factor of 1985736 and 3128.
136
Calculate the greatest common factor of 270 and 4409505.
135
What is the highest common factor of 100614 and 522702?
2454
Calculate the highest common divisor of 7228 and 1852592.
556
What is the highest common factor of 41988513 and 1834?
917
What is the highest common factor of 67830 and 21243642?
714
What is the greatest common divisor of 10779122 and 1?
1
What is the highest common factor of 34380017 and 147477?
4469
Calculate the greatest common factor of 20285 and 4986053.
4057
Calculate the highest common divisor of 2705115 and 60.
15
Calculate the highest common divisor of 11457332 and 1052.
1052
Calculate the highest common factor of 240472 and 152.
8
Calculate the highest common divisor of 402309 and 2817.
9
Calculate the greatest common factor of 2945 and 1733560.
95
Calculate the greatest common factor of 852 and 607192.
284
Calculate the greatest common factor of 1988332 and 2488192.
11108
Calculate the highest common factor of 4 and 22475224.
4
Calculate the highest common divisor of 149109 and 5037.
69
Calculate the highest common factor of 18250389 and 9.
9
What is the greatest common divisor of 129 and 20520417?
129
Calculate the highest common divisor of 106734 and 762.
6
Calculate the greatest common divisor of 5255681 and 18894.
3149
What is the greatest common factor of 3738 and 17626?
14
Calculate the highest common factor of 59316476 and 592.
148
What is the greatest common divisor of 5196 and 51737438?
866
Calculate the greatest common factor of 87 and 577883.
29
What is the greatest common divisor of 57085080 and 185?
185
What is the highest common factor of 448 and 15042944?
448
Calculate the highest common factor of 64575 and 873095.
205
Calculate the greatest common factor of 456 and 15660088.
8
What is the highest common factor of 3576 and 3466336?
1192
What is the greatest common divisor of 131800 and 473821?
659
Calculate the greatest common factor of 21684 and 3819720.
1668
What is the greatest common factor of 2378176 and 192?
64
What is the greatest common factor of 98914 and 3213622?
722
What is the highest common factor of 30 and 217427745?
15
What is the highest common factor of 735 and 946815?
15
What is the greatest common divisor of 29942 and 50773466?
2722
Calculate the highest common factor of 37590 and 9375.
15
Calculate the greatest common factor of 595 and 7027970.
85
What is the greatest common divisor of 33004 and 370180?
892
What is the highest common factor of 1924 and 2183532?
52
Calculate the highest common divisor of 20474290 and 435.
145
What is the highest common factor of 1340906 and 1558?
38
Calculate the highest common divisor of 1164887 and 3645817.
1643
Calculate the greatest common divisor of 343 and 510559.
7
Calculate the greatest common factor of 7121662 and 42.
2
What is the highest common divisor of 4456817 and 17134?
659
Calculate the greatest common divisor of 840 and 151506600.
840
What is the highest common divisor of 180 and 56426844?
12
Calculate the highest common divisor of 49685 and 40.
5
Calculate the greatest common factor of 1147233 and 10233.
1137
What is the greatest common factor of 1053193 and 10672?
667
What is the highest common divisor of 98 and 362994?
2
Calculate the greatest common divisor of 135 and 13708143.
27
Calculate the highest common factor of 230578680 and 285.
285
What is the highest common factor of 2686481 and 35903?
1561
Calculate the greatest common factor of 11550 and 198757350.
1650
Calculate the greatest common divisor of 1703 and 9436061.
131
Calculate the greatest common factor of 3072 and 10237184.
256
What is the greatest common divisor of 242982236 and 3444?
1148
What is the greatest common factor of 10722344 and 2494?
58
What is the greatest common factor of 5126 and 1520558?
466
Calculate the greatest common factor of 1782 and 245564.
22
Calculate the highest common divisor of 1744 and 31664.
16
What is the highest common divisor of 7290 and 125610?
30
What is the highest common factor of 6975340 and 132820?
4580
What is the greatest common divisor of 1746 and 303390?
18
Calculate the greatest common factor of 27995968 and 598.
598
Calculate the greatest common factor of 3700 and 28689060.
740
What is the highest common factor of 12150 and 3198366?
486
What is the greatest common factor of 80081 and 85921?
73
Calculate the greatest common factor of 34384 and 270467.
307
What is the highest common divisor of 2180898 and 3750?
6
What is the highest common factor of 575648163 and 81?
9
What is the greatest common divisor of 449856 and 10704?
48
Calculate the highest common divisor of 8094880 and 13960.
40
What is the greatest common factor of 277673123 and 3367?
3367
What is the greatest common factor of 11788260 and 324?
12
What is the greatest common divisor of 1408647 and 1818?
303
What is the greatest common factor of 396 and 13555300?
44
Calculate the highest common divisor of 1700314 and 15862.
154
Calculate the highest common divisor of 1237830 and 936177.
363
What is the highest common factor of 23513519 and 23287?
2117
What is the greatest common factor of 260 and 430586?
26
Calculate the highest common factor of 1104310 and 2500.
10
Calculate the greatest common divisor of 1412 and 15716972.
1412
Calculate the highest common factor of 78 and 148624632.
78
What is the greatest common factor of 4773178 and 5913?
73
Calculate the highest common factor of 2178329 and 12125.
97
What is the greatest common divisor of 226 and 2067537609?
113
What is the greatest common factor of 48592936 and 119?
119
Calculate the greatest common factor of 7708420 and 40.
20
Calculate the greatest common divisor of 917 and 396013.
131
Calculate the greatest common divisor of 3577 and 13969207.
511
Calculate the highest common factor of 47528 and 5880.
8
Calculate the greatest common factor of 4330 and 15187.
1
What is the greatest common divisor of 58 and 1310713?
29
Calculate the greatest common factor of 161811 and 319488.
39
What is the highest common factor of 27556182 and 24354?
738
What is the greatest common factor of 56 and 35803736?
8
What is the greatest common factor of 5980 and 9714970?
230
What is the highest common factor of 27752908 and 3196?
68
Calculate the highest common factor of 568 and 169996.
4
What is the greatest common factor of 5502 and 305695705?
917
Calculate the highest common factor of 3 and 17529027.
3
Calculate the greatest common factor of 318437 and 21.
7
Calculate the highest common div